*p = -25, q + p = 2*p - 1. Suppose 17 = -4*m - 5*n, -4*m = 4*n + 1 + 11. What is the remainder when q is divided by m?
0
Suppose -w = 2*w. Suppose w*t - 15 = 3*t. Calculate the remainder when 13 is divided by (2 - t)*2/2.
6
Let s(b) = -22*b + 2. Suppose -5*g - 22 = -4*f + 6, -4*f + 2*g + 40 = 0. What is the remainder when s(-2) is divided by f?
10
Suppose 29 + 85 = 3*k. Suppose 2*o + 0*o - 26 = 0. Calculate the remainder when k is divided by o.
12
Suppose -y + 23 = -p, -2*p + 11 + 21 = y. Let d be 2/5 - (-84)/(-10). Calculate the remainder when y is divided by (21/6)/((-2)/d).
12
Let h be (2 - (3 + 2))*3. Let b(k) = -5*k - 7. Let m(t) = -t - 2. Let p(q) = h*m(q) + 2*b(q). Calculate the remainder when 43 is divided by p(-11).
13
Let r(b) = 10*b - 1. Let u be r(-5). Let q be 6*(7/(-3) + -2). Let a = q - u. What is the remainder when a is divided by 13?
12
Let p(y) = -5*y - 3. What is the remainder when p(-4) is divided by 9?
8
Let a(k) = -3*k - 6. What is the remainder when 28 is divided by a(-7)?
13
Suppose 0 = -3*y + 4*x + 3, -5*y + 4 = -y + 2*x. Let j(z) = -2*z**2 + 4*z**2 - y - z**3 - 6*z**3. Calculate the remainder when j(-1) is divided by 5.
3
Let q = 23 + -13. Let o(f) = 3*f**2 - 10 + q. Calculate the remainder when 5 is divided by o(-1).
2
Suppose 12 = -5*l + 2*l. Suppose -38*o + 31*o + 70 = 0. Let j = l + o. What is the remainder when 17 is divided by j?
5
Let o(d) = d**3 + 9*d**2 - 7*d + 8. What is the remainder when o(-9) is divided by 18?
17
Let o = -81 + 103. Calculate the remainder when o is divided by 4.
2
Suppose 4*n = 3*n + 4*q + 31, -5*n - 3*q = -132. Calculate the remainder when 53 is divided by n.
26
Suppose -96 = -6*u - 0*u. What is the remainder when 63 is divided by u?
15
Suppose 0*o = -4*o + 328. Calculate the remainder when o is divided by 28.
26
Suppose 27 = 3*h - 18. What is the remainder when h is divided by 6?
3
Let o = -33 - -51. Calculate the remainder when 68 is divided by o.
14
Let x = -5 - -11. Calculate the remainder when 5 is divided by 2 + -3 + -2 + x.
2
Suppose 0 = -f - 2*z + 11, 0 = -0*f + 2*f - 5*z - 4. Let x(a) = -a. Let h(d) = d**2 + d - 3. Let u be h(0). Calculate the remainder when f is divided by x(u).
1
Let m = 163 + -113. Let d = 2 + -1. What is the remainder when m is divided by (d/1)/(2/34)?
16
Let l(z) = z**2 + 5*z - 15. What is the remainder when 42 is divided by l(-8)?
6
Let h = -34 + 50. Let d be 102/1*6/4. Suppose -3*z = -5*i - 85, -5*i + 2*i = 5*z - d. Calculate the remainder when z is divided by h.
14
Suppose 3*m + 2*m = 15. Let f(z) = z**3 - z**2 + 3. Suppose 3*s + 3*p - 36 = 0, s + 4*p + 7 = 22. What is the remainder when f(m) is divided by s?
10
Let x = -8 - -11. Suppose x*z + 6 = -0*o - o, 2 = 3*o + 4*z. Let f(c) = c**2 - 5*c - 2. What is the remainder when 10 is divided by f(o)?
2
Suppose 0 = -41*g + 44*g - 39. Calculate the remainder when 90 is divided by g.
12
Suppose -5*g + 264 = t, -5*t - 38 = -g + 20. Calculate the remainder when g is divided by -1*(-1)/((-4)/(-56)).
11
Let k(p) be the first derivative of -3*p**2 + 3*p - 1. Let z be k(-5). Let d = -8 + z. Calculate the remainder when d is divided by 9.
7
Let b = -11 - -13. Suppose 3*w - 31 = b. What is the remainder when 52 is divided by w?
8
Suppose 95 = 3*z + 2*z. Suppose -3*g = 2*p - 19, 0 = -p - 4*g + 17 - 0. What is the remainder when z is divided by p?
4
Let z = -49 + 91. Suppose 6*q - 3*q - z = 0. Suppose -j + 4*i = -37, 5*j + i = -3*i + 209. What is the remainder when j is divided by q?
13
What is the remainder when (-30)/(-2) - (4 + 0) is divided by (3/(-2))/(1/(-2))?
2
Let p(q) = 8*q + 1. Suppose 30 = 2*m + 3*m. What is the remainder when (-2)/(m/(-87)) - 3 is divided by p(1)?
8
Let v(m) = 16*m + 1. Let w be v(2). Suppose -w = 5*f + 22. Let g = -7 - f. Calculate the remainder when g is divided by 3.
1
Let s be (-10)/(-55) - 258/(-33). Suppose 2*r = s*z - 4*z + 18, -2*r - 2*z = -36. Calculate the remainder when r is divided by 8.
7
Let p = 12 + -6. Suppose h - p*h + 140 = 0. Calculate the remainder when h is divided by 10.
8
Let w be 0 - (47 + -1*2). Let s = w + 80. Let q(k) = k**3 + 9*k**2 + 12. What is the remainder when s is divided by q(-9)?
11
Suppose -9*p = -10*p + 33. Let z(y) = y**2 + 4*y + 7. What is the remainder when p is divided by z(-5)?
9
Let c(g) = -g + 1. Suppose 2 = -d - 8. What is the remainder when c(d) is divided by 4?
3
Let n = 5 - -15. Suppose -3*t - n = -t. What is the remainder when 46 is divided by ((-24)/t)/(6/40)?
14
Suppose -6*q + 4*q + 60 = 5*g, 5*g - 4*q - 90 = 0. Suppose 0 = -j - 0 + 4. Suppose j*t - 2*t = 16. What is the remainder when g is divided by t?
6
Suppose 5*u - 4*s = 26, -3 = u + 4*s + 11. What is the remainder when u is divided by 2?
0
Let r(c) = 2*c**2 - 2*c - 28. Let o(z) = z**2 - z - 1. Let p(x) = o(x) - r(x). Calculate the remainder when p(0) is divided by 10.
7
Let d(t) = 2*t - 2. Let c(w) = 3*w - 3. Let j(f) = -3*c(f) + 5*d(f). What is the remainder when 3 is divided by j(3)?
1
What is the remainder when 45 is divided by (-23)/(-2) + (-1)/(-2)?
9
Let p(w) = -3*w + 48. Calculate the remainder when 166 is divided by p(8).
22
Let n = 24 - 5. What is the remainder when 53 is divided by n?
15
Let v = 18 + -12. What is the remainder when v is divided by 4?
2
What is the remainder when 77 is divided by 30/(-20) - (-43)/2?
17
Suppose -3*c + 2*n = -5, -5*c - n + 4 + 13 = 0. Let a = c - 3. Suppose a = -7*w + 2*w + 100. What is the remainder when w is divided by 11?
9
Suppose h + 0 = -3, -3*h - 74 = -5*x. Suppose 0 = -3*g + 7*g - 56. Suppose 5*q - 11 = g. What is the remainder when x is divided by q?
3
Suppose 0 = -d - a + 23, 2*d - 4*d + 3*a + 21 = 0. What is the remainder when 66 is divided by d?
12
Let z = -2 - -12. What is the remainder when 36 is divided by z?
6
Let x(g) = g**2 + 15. Let s be x(0). Let f = 23 - s. Calculate the remainder when 29 is divided by f.
5
Let h(q) = -q**3 - 8*q**2 - 3*q - 13. What is the remainder when 41 is divided by h(-8)?
8
Let t(y) be the first derivative of y**4/4 + 4*y**3 + 9*y**2/2 - 12*y + 1. Calculate the remainder when 19 is divided by t(-11).
9
Let h be 138/12 - 1/2. Let u = -8 + h. Suppose -5*v + 14 = -3*v + c, -5*v - 3*c + 36 = 0. What is the remainder when v is divided by u?
0
Let q = -58 - -70. What is the remainder when 1/((-2)/59)*-2 is divided by q?
11
Suppose -7 = -3*j + 8. Let c(s) = -s**3 + 5*s**2 + 3*s - 7. What is the remainder when 15 is divided by c(j)?
7
Let g = -17 + 22. Calculate the remainder when g is divided by 2.
1
Suppose 13 = -0*i - i + z, i + 19 = 4*z. Let g = i - -27. Suppose -40 = -2*h + g. What is the remainder when h is divided by 15?
13
Let c(j) be the first derivative of -j**4/4 - 7*j**3/3 - 7*j**2/2 + 8*j + 1. Calculate the remainder when 25 is divided by c(-6).
11
Suppose -d + 264 = 2*q + d, 5*q - 5*d = 710. What is the remainder when q is divided by 46?
45
Let s = 5 + -3. Suppose -67 = -3*c + 2*t, -s*c - t + 71 = 2*c. What is the remainder when 37 is divided by c?
18
Let p = 121 - 118. What is the remainder when 46 is divided by p?
1
Let n be (29 - 4) + 6/2. Suppose -4*w + n = 4*c, 0*c - 5 = c + 5*w. Suppose 38 = -3*r + 5*r. What is the remainder when r is divided by c?
9
Let o(d) = d + 58. Let i = 12 + 8. Calculate the remainder when o(19) is divided by i.
17
Let x(a) = -8*a**3 + 3*a**2 + 2*a + 1. Suppose 0 = 4*t + 3*z - 6 - 0, 5*t = 2*z + 19. Suppose -2 = -2*j + t*j. What is the remainder when x(j) is divided by 25?
23
Let z = 69 - 64. What is the remainder when 11 is divided by z?
1
Suppose g - 3*g = -4*w + 38, 3*w - 5*g - 32 = 0. What is the remainder when 17 is divided by w?
8
Let s(f) = -f**3 + 8*f**2 + f. What is the remainder when s(7) is divided by 19/(4 - 5 - -2)?
18
Let s(x) = -6*x**2 - 3*x + 7*x + 13 + 8*x**3 - 7*x**3. What is the remainder when s(6) is divided by 20?
17
Let h = 154 + -126. Calculate the remainder when h is divided by 14.
0
Let w(p) = p**3 - 6*p**2 + 4*p - 4. Calculate the remainder when w(6) is divided by 11.
9
Let r be 6/(-14) + 96/28. Suppose -r*s + 231 = -3*i, -4*i + 0*i = 2*s - 154. Calculate the remainder when s is divided by 26.
25
Suppose -4*x + 0*x + 8 = 0. Suppose 0 = g + x, -f - 3*g = 2*g - 21. Calculate the remainder when f is divided by 11.
9
Let v(s) = -2*s**3 - 5